+ 0)?
8
Let x(a) = 4*a - 22. Let r = -10 - -20. What is the remainder when x(10) is divided by r?
8
Let v be (-20 + -1)/(4/(-8)). Suppose 0 = 3*u + 2*y - 0*y - v, -y + 45 = 3*u. What is the remainder when u is divided by 85/10 + 2/4?
7
Suppose -3*f - y + 0*y = -162, -3*f - 5*y + 150 = 0. Let l(r) = 4*r - 1. What is the remainder when f is divided by l(5)?
17
Suppose 0 = -d - 14 + 4. Suppose -u - 82 = -4*q, -4*q + 0*u + 92 = 4*u. What is the remainder when q is divided by (d + 21)/(2 + -1)?
10
Suppose -4*p - 151 = -7. Let l be (52/3 - 8/24)*-1. Let v = l - p. What is the remainder when v is divided by 7?
5
Let d(h) = -h + 6. Let m = -21 + 12. What is the remainder when 28 is divided by d(m)?
13
Suppose 4*b + 2 = 6. What is the remainder when (46/(-4))/(b/(-2)) is divided by 8?
7
Let x = 17 + -17. Suppose 4*b + 3*q - 9 = x, 5*q = -b - 4*b + 5. What is the remainder when 21 is divided by b?
3
Let f = 6 + 18. Calculate the remainder when 91 is divided by f.
19
Let p(t) = 2*t**3 - t - 4. Calculate the remainder when p(3) is divided by 12.
11
Let l(t) = -15*t - 1. Let c be l(-3). Suppose 3*g = -g + c. Suppose -78 + 54 = -4*m. What is the remainder when g is divided by m?
5
Let y = 38 - -6. Suppose -10 - 13 = -o. What is the remainder when y is divided by o?
21
Let h(c) = -9*c - 41. Calculate the remainder when 36 is divided by h(-6).
10
Suppose -g = i - 42, -i + 4 + 18 = -4*g. What is the remainder when i is divided by 13?
12
Let x(d) = 36*d - 1. Let g be 6/((1 + 1)/4). Suppose -g = -i - 0. Calculate the remainder when x(1) is divided by i.
11
Suppose 26*a - 779 = 7*a. Let o = 53 + -31. Calculate the remainder when a is divided by o.
19
Let p = -267 - -374. Calculate the remainder when p is divided by 18.
17
Suppose 5*h - 3*h = 8. What is the remainder when 14 is divided by h?
2
Calculate the remainder when 11 is divided by (-1 + -5 - -1) + 8.
2
Suppose 5*y + 2*f - 40 = 0, -4*y + 0*f = -3*f - 55. Suppose 13*o - 487 = 150. What is the remainder when o is divided by y?
9
What is the remainder when (-3 - 19)*(-5)/10 is divided by 3?
2
Calculate the remainder when ((-14)/(5 + -4))/((-2)/25) is divided by 22.
21
Suppose 3 = 5*u - 52. Let d(n) = 4*n. What is the remainder when d(5) is divided by u?
9
Suppose -3*v = -j - v + 14, 0 = -j + 4*v + 16. Calculate the remainder when 23 is divided by j.
11
Let s(i) be the second derivative of i**5/4 - i**4/6 + i**3/6 + i**2/2 + 2*i. Let u be s(2). Let c = -4 + u. Calculate the remainder when c is divided by 16.
15
Let m = -26 + 52. What is the remainder when (-153)/(-5 - -2)*2 is divided by m?
24
Let u = 4 + -4. Suppose -4*a + a + 48 = u. Calculate the remainder when 29 is divided by a.
13
Calculate the remainder when (72 - 30)*6/(1 + 1) is divided by 16.
14
Let q = -19 + 25. What is the remainder when 9 is divided by q?
3
Let m(a) = a**3 + 2*a**2 - 4*a + 1. Let f be m(-3). Let s = f + 0. Let q(c) = -c**3 + 3*c**2 + 4*c - 2. Calculate the remainder when q(3) is divided by s.
2
Let g(n) = n**3 - 5*n**2 - 5*n. Let p be (-2 + -1)/3 - -5. Suppose z + 18 = p*z. Calculate the remainder when 10 is divided by g(z).
4
What is the remainder when (-2)/(-3)*111 - (-1 + 1) is divided by 25?
24
Suppose -r = -2*w + 6, -4*r + w + 4 = 7. Let p be (-6 + 5)*(r + 25). Let k = 47 + p. What is the remainder when k is divided by 6?
4
Calculate the remainder when 74 is divided by 2/((4 + -9)/(-40)).
10
Suppose -10*v = -v - 225. Calculate the remainder when v is divided by 14.
11
Suppose -112 = -q + 5*j, 4*j - 639 - 8 = -5*q. Calculate the remainder when q is divided by 43.
41
Suppose 0 = 4*o - 20, o + 100 = 4*i - 9*i. Let f(b) = b**3 + 6*b**2 - 5*b - 6. Calculate the remainder when f(-6) is divided by (-6)/(-21) + (-267)/i.
11
Let o be 4/(-18) - (-190)/45. Suppose 2*m + 0 = o. Suppose 0 = -4*q - 4*z + 68, -2*z + 34 = m*q + 2*z. Calculate the remainder when q is divided by 6.
5
Let m(z) = -2*z**3 + z**2 + 5*z + 4. What is the remainder when m(-3) is divided by 11?
8
Suppose 4*y = c - 8, 0 = 5*c + 4*y - 16. Suppose -8*r + 3*r + 35 = 0. Let z = r - 2. Calculate the remainder when z is divided by c.
1
Let x(l) = 3*l**2 + 22*l + 4. Calculate the remainder when 237 is divided by x(-8).
17
Suppose 0 = -z - 5*s - 54, -4*z + 4*s = -68 + 284. Let p = -33 - z. What is the remainder when 81 is divided by p?
18
Suppose 5*y - 206 = 319. Calculate the remainder when y is divided by 27.
24
Suppose 4*u + 0 = 92. Let t = u - 7. Let y = 133 - 87. Calculate the remainder when y is divided by t.
14
Suppose 0 = -2*p + 5*p - 18. Suppose 103 - 703 = -5*m. What is the remainder when (2/5)/(3/m) is divided by p?
4
Let f(j) = -15*j + 4. Calculate the remainder when f(-3) is divided by 13.
10
Let w = -19 + 69. Suppose 3*t = -2*z + 35, z + 2*t = -z + 34. Calculate the remainder when w is divided by 104/(-6)*(-24)/z.
24
Suppose 0 = 4*k - 4*h - h - 11, 2*k = -5*h + 13. Suppose -2*v - 33 = -4*s + 15, -2*s = -k*v - 30. Calculate the remainder when 31 is divided by s.
9
Let i(y) = -3*y + 2. Let r be i(2). Let p be -4*(1 - (-26)/r). What is the remainder when 55 is divided by p - (-1 + 2 + 2)?
17
Suppose -28 - 17 = -5*o. Suppose 5*s - 5*p - 95 = 0, -5*s - 4*p - 13 + 72 = 0. What is the remainder when s is divided by o?
6
Let d(f) = 2*f + 1. Let q = -13 + 19. Calculate the remainder when 49 is divided by d(q).
10
Suppose -4*f - 35 = -5*x, -2*f + 43 = -0*x + 3*x. Calculate the remainder when 32 is divided by x.
10
Suppose 8*l + 57 = 4*a + 3*l, 3 = a + l. Let b = -28 - -33. What is the remainder when a is divided by b?
3
Let n be (-4)/(-6)*9/2. Let m = 10 - n. What is the remainder when 27 is divided by m?
6
Suppose -3*k + k + o = -6, -5*k - 4*o + 2 = 0. Suppose 0 = -2*b - b - 6. Let l(w) = w**3 + 3*w**2 + w + 1. What is the remainder when l(b) is divided by k?
1
Let v = 78 - 53. Suppose 3*t = -0*t - i - 21, 0 = -3*t + 3*i - 21. Let r = t + 16. What is the remainder when v is divided by r?
7
Suppose 0 = 2*q + 3*q + 10. Let n(l) = l**3 + 3*l**2 - 2. Let b be n(q). Suppose 93 = k + b*k. Calculate the remainder when k is divided by 8.
7
Let k = 35 + -23. Suppose -5*b - 5*o + 150 = 0, -2*b = -4*b + 5*o + 95. Calculate the remainder when b is divided by k.
11
Let q(c) = -c**2 - 7*c + 2. Let b be q(-6). Suppose -1 = 3*h + b. Let r = h - -22. Calculate the remainder when 55 is divided by r.
17
Let r = -24 + 29. What is the remainder when 5 is divided by r?
0
Suppose -3*a + 2 = -10. Suppose 0 = -5*n - 6*n + 66. What is the remainder when n is divided by a?
2
Suppose 5*g = 54 + 6. Suppose -5*x + 10*x = 3*p + 236, -5*x - 3*p + 224 = 0. Suppose -b = -3*b + x. Calculate the remainder when b is divided by g.
11
Let t(b) = 8*b**2 - b - 5. Suppose -c - 3 = -6. Calculate the remainder when t(c) is divided by 22.
20
Suppose 6 = -0*b + 3*b. What is the remainder when b is divided by 1?
0
Let s(k) = 4*k**3 + 8*k**2 + 2*k + 1. Let c(n) = 7*n**3 + 16*n**2 + 3*n + 1. Let i(q) = 3*c(q) - 5*s(q). Calculate the remainder when i(-8) is divided by 4.
2
Let h = 25 + -5. Let t be (-267)/21 - (-4)/(-14). Let g = t + 24. Calculate the remainder when h is divided by g.
9
Suppose 0 = -3*n - 2 + 17, -5*x = -5*n + 35. Let j be (-1 + 1)*(x - -1). Suppose 3*i - 1 - 38 = j. Calculate the remainder when i is divided by 7.
6
Let o(u) = -u**3 - 14*u**2 + 15*u - 4. Let x be o(-15). What is the remainder when (-170)/x - 9/6 is divided by 21?
20
Suppose -i = -4*i - 18. Let f be 0*(2 + i/4). Let r = f + 1. Calculate the remainder when r is divided by 1.
0
Suppose -285 = -5*c + 2*a, 2*c = c - a + 50. What is the remainder when c is divided by 28?
27
Let a(w) = w**2 + 2*w + 11. Calculate the remainder when a(7) is divided by 25.
24
Suppose -3*y + 1 = -128. Calculate the remainder when y is divided by -1*(-20 + 3) - 2.
13
Suppose 2*p + 180 = 5*o, -3*p = -3*o - 0*o + 117. Let r be (3/3)/((-2)/4). What is the remainder when o is divided by r/(-15)*-3*-30?
10
Let t(a) = -8*a + 2. Let p = -18 - -33. What is the remainder when t(-7) is divided by p?
13
Let g be 14/(-8) + (-2)/8. Let q(y) = -3*y**3 - y**2 + y - 2. Suppose -43*k + 35*k + 72 = 0. What is the remainder when q(g) is divided by k?
7
Let n = -3 - -38. Let y = -7 + 13. Let i(t) = -t**2 + 7*t + 6. Calculate the remainder when n is divided by i(y).
11
Suppose -3*i 